rime factors of h?
3, 5
Let c be (-4)/(-10) + (-34)/10. Let x be 3 + 7/(c/(-3)). Let h = x - 4. List the prime factors of h.
2, 3
Suppose -i - 4*j = -4 - 36, 5*j - 116 = -4*i. What are the prime factors of i?
2, 3
Let c = -2 + 4. Let i(y) = y**3 - 3*y**2 + y - 1. Let p be i(c). Let v = p - -9. What are the prime factors of v?
2, 3
Let n be 6/(-3) + 5 + 2. Let i(b) = -b + 7. Let m be i(n). Suppose -3*d = -2*h - 2, -m*d = -3*h + 4 + 3. List the prime factors of d.
2
Suppose 3*j = -0*j + 15. Suppose -5*l + 90 = j*v, l - 9 = v - 5*v. What are the prime factors of l?
3, 7
Let s be (-18)/4*(-8)/12. Suppose 2*n - s*n = -3*k + 366, 0 = -2*k - 4*n + 230. Suppose 2*u + b - 49 = 0, k = -2*u + 7*u + 2*b. What are the prime factors of u?
23
Let g(i) = i**3 - 6*i**2 + 6*i - 7. Let d = -7 + 13. What are the prime factors of g(d)?
29
Let u = -4 - -18. Let z = u + -2. Suppose 0*g - z = -3*g. List the prime factors of g.
2
Let j be 3/(-1 + 15/6). Suppose 0 = j*r + 2*a, 4*a = -3*r - 0*r - 2. Suppose -r*x - o - o = -6, 0 = x - 5*o - 9. What are the prime factors of x?
2
List the prime factors of 4/(-14) + 3393/91.
37
Suppose 34 = p + 2*l, -p - 4*l = -2*p + 22. What are the prime factors of p?
2, 3, 5
Suppose b = -4*v + 8 + 9, 4*b - v = 17. Suppose x + 4 - 6 = 5*z, -b*x - 3*z = -10. Suppose -x*u = 4 - 14. What are the prime factors of u?
5
Let p = 0 + -3. List the prime factors of (33/(-12))/(p/12).
11
Let l = -21 + 23. List the prime factors of (l/(-4))/(2/(-180)).
3, 5
Let u = 6 - 1. Suppose a - u*z = 11, -2*a + 3*z - 22 = -4*a. What are the prime factors of a?
11
List the prime factors of 1/2 + 63/18.
2
Suppose z + 3*z - 8 = 0. Suppose -5*j + 6 = -z*j. Suppose -4*u + g + 22 = -0*g, -j*g = -2*u + 14. What are the prime factors of u?
5
Let h(p) be the second derivative of -p**5/20 - p**4/12 - p**3/6 + p**2/2 + 3*p. List the prime factors of h(-2).
7
Let c = 12 - 4. List the prime factors of 70/c - 10/(-40).
3
What are the prime factors of (35/21)/((-1)/(-30))?
2, 5
Suppose 0 = 4*a - 7*a + 174. Let o = -37 + a. What are the prime factors of o?
3, 7
Suppose 8*t - 12 = 4*t. What are the prime factors of -3 + 3 + t - -38?
41
Let a(t) = -13*t + 5. Let l be a(-4). Suppose 2*o - l = -5*b, -13 = b - 2*b - 2*o. List the prime factors of b.
11
Suppose 0 = -x + 2*h - 3*h - 5, 4*x - 4*h + 12 = 0. List the prime factors of 476/12 - x/(-6).
3, 13
Let q = -14 - -30. Suppose 3*p - 3*r = 4*p + 7, -2*r = -5*p + q. What are the prime factors of p?
2
Let x(m) = -m**3 - 3*m**2 - 2*m. Let c be x(-2). List the prime factors of c + 0 - (0 - 8).
2
What are the prime factors of 2286/14 + (-2)/7?
163
Let d = 6 + -3. Suppose 0 = -4*u - 3*x - 8 + 68, d*u - 5*x = 45. What are the prime factors of u?
3, 5
Let i = -31 - -48. List the prime factors of i.
17
Let h be 2/7 - (-74)/(-14). Let j(s) = -s**3 + 3*s**2 - 6*s + 27. Let f be j(3). Let i = f + h. What are the prime factors of i?
2
What are the prime factors of (-6 - -7) + 82/1 + -2?
3
What are the prime factors of 2 + -7*4/(-1)?
2, 3, 5
Suppose -3*o = -2*o + 3. Let w = -1 - o. Suppose -2*s + 8*d + 42 = 3*d, 25 = 3*s + w*d. List the prime factors of s.
11
Let g(f) = 116*f**2 - f + 1. Let q be g(1). Suppose -41 = 3*i - q. List the prime factors of i.
5
Suppose 0 = 2*s + 4*a - 562, -5*a - 571 = -s - s. What are the prime factors of s?
283
Let c = -5 + 5. Suppose c = -4*k + 5*n + 2, 5*k - k - 20 = -4*n. Suppose 0 = k*f - 8*f + 25. List the prime factors of f.
5
Let p be 2/2 + (3 - -1). Let g = 5 - 2. Suppose -p*t + g*t + 6 = 0. List the prime factors of t.
3
Suppose 0*u - 255 = -3*u + 2*i, -400 = -5*u - 5*i. List the prime factors of u.
83
Let u(z) be the second derivative of -z**5/20 - z**4/12 + z**3/3 + z**2 + 2*z. What are the prime factors of u(-3)?
2, 7
Suppose 5*c + 61 = q, 4*q - 3*c - c - 276 = 0. List the prime factors of q.
71
Let s(x) = -2*x + 4. Let c be s(5). Let y = c - -15. Let z(g) = -g**2 + 9*g + 8. What are the prime factors of z(y)?
2
Let h(p) = 49*p**2 + 1. List the prime factors of h(1).
2, 5
Let m = -1 + 47. What are the prime factors of m?
2, 23
Suppose 0 = -2*h - r - 28, 5*h - 2*h - 2*r + 35 = 0. Let v be (2/(-4))/(8/(-368)). Let q = h + v. List the prime factors of q.
2, 5
Let t(o) be the second derivative of -o**5/20 + o**4/2 + 3*o**3/2 + 2*o. Let v = -30 - -37. List the prime factors of t(v).
2, 7
Let y(f) = f**2 - 6*f - 4. What are the prime factors of y(7)?
3
Suppose -p = 4*p + 10. Let f be p/8 - (-1)/4. Suppose f = c - 19 + 7. What are the prime factors of c?
2, 3
Let c(u) = -u**2 + 7*u + 9. Let g be ((-8)/(-6))/(2/12). Let f be c(g). List the prime factors of (1 - -2) + f*10.
13
Suppose -2*x + 4 = -2. Suppose 0 = -x*b + 5*b + 18. Let f = b + 25. What are the prime factors of f?
2
Suppose -4*m = 4*s - 4, 2*m + 1 + 0 = s. Let x(k) = k**3 + k + 2. Let z be x(m). Suppose 0 = -z*f - 2*f + 56. List the prime factors of f.
2, 7
Let a be ((-2)/6)/(6/(-18)). Suppose -z = -2*g + a, -3*g - z - 2*z = -15. What are the prime factors of g?
2
Let t = -442 - -641. List the prime factors of t.
199
Let p(f) be the third derivative of f**6/120 - f**5/15 + f**4/12 - 5*f**3/6 - f**2. Let w be p(4). What are the prime factors of (-10)/15*w*-2?
2
Let h be (12/(-9) - -1)*-6. Let j(s) = 4 + 0*s**3 - 2*s**h + 2*s**3 - 2*s - s**3. What are the prime factors of j(3)?
7
Let t(z) be the second derivative of -5/6*z**3 + z**2 + 0 + 1/12*z**4 - 3*z. What are the prime factors of t(6)?
2
Let s be 2/1 - (-4 - -1). Let u(z) = -z**3 + 5*z**2 + 2. Let d be u(s). Let b(x) = x**3 + x**2 + x. List the prime factors of b(d).
2, 7
Let x = 10 - 4. Suppose 3*n = 5*v + 1 + 3, -n - 2*v = x. Let i(j) = -4*j - 3. What are the prime factors of i(n)?
5
Suppose 0 = -v + 7*v - 834. List the prime factors of v.
139
Suppose -2*m - 11 - 31 = -4*t, 19 = 2*t - 3*m. What are the prime factors of t?
11
Suppose -5*d + 3*i + 628 = 0, -2*d = -d - 4*i - 112. What are the prime factors of d?
2
Let q be (-1 - 93/(-9))*3. Suppose f + q = -3*f. What are the prime factors of (1 - 1) + f/(-1)?
7
Suppose -6*j + 35 = -j. Let f = -2 + j. Suppose -4*d - 4 = 4*g, -f*d + 11 = g + 24. What are the prime factors of g?
2
Let q(z) be the second derivative of z**4/12 - 2*z**3/3 - 2*z**2 - z. What are the prime factors of q(-3)?
17
Let w = 188 + -85. What are the prime factors of w?
103
Let r(j) = -j**2 - 14*j - 4. List the prime factors of r(-8).
2, 11
Let n(j) = j**3 + 20*j**2 + 20*j + 1. List the prime factors of n(-18).
17
Let a(y) = 2*y + 10. Let b be a(-7). List the prime factors of (-18)/b - 1/2.
2
Let d = 89 + -50. What are the prime factors of d?
3, 13
Suppose -4 + 34 = 5*b. List the prime factors of ((-33)/1)/(b/(-4)).
2, 11
Suppose -4*n + 16 = 4*f, 0 = 5*f - 0*n - 5*n. Suppose 2*k = k + f. Suppose -k*z + 0 + 6 = 0. What are the prime factors of z?
3
Let t be 20/110 - 4066/(-22). Suppose 9*f - t = 4*f. List the prime factors of f.
37
Let h = 4 + -1. Suppose -3*t + p = -2*t - h, 0 = -3*t + 5*p + 3. What are the prime factors of t?
2, 3
Suppose -3*a + 1381 = 5*b, 1377 = 6*b - b + a. List the prime factors of b.
5, 11
Let b(s) = -2*s - 2. Let f be b(-3). Suppose f*t - 4 = 2*t. Suppose 2*r = 3*h - 31, 3 + 50 = 5*h - t*r. List the prime factors of h.
11
What are the prime factors of (18/12)/(2/80)?
2, 3, 5
Suppose -2*x - 44 = -0*l + 4*l, -16 = 4*x. List the prime factors of (-14)/((-3)/(l/(-6))).
7
Suppose -2*a = -a - 34. Let c = -21 + a. List the prime factors of c.
13
Let v = 380 - 19. What are the prime factors of v?
19
Let g(i) = -i**2 - 18*i - 11. Let u be g(-12). Suppose -5*r + 49 = -u. List the prime factors of r.
2, 11
Let y(x) = 2*x - 5. Suppose -l - 5 = -2*l. Suppose k = l*i - 9, 3*k - i - 3 = 4*i. List the prime factors of y(k).
7
Let k(d) = 8*d**2 - d. Let f = 0 - 1. Let u = 0 - f. What are the prime factors of k(u)?
7
List the prime factors of (-1)/(1 - 14/12).
2, 3
Let w = -7 - -9. Suppose -r + w*r = 2. List the prime factors of r.
2
List the prime factors of 17/5 + (-14)/35 + 2.
5
Let p be 1*-2*15/10. Let g be -2 + ((-6)/(-3) - p). Suppose 8*a - 45 = g*a. What are the prime factors of a?
3
Suppose 6*n - 2*n + 152 = 0. Let h(o) = o**2 + 2*o - 7. Let u be h(-9). Let y = u + n. What are the prime factors of y?
2, 3
Suppose -4*h = h + 2*g - 77, -3*h + 71 = -5*g. List the pri